t of v?
2
Suppose 2*q = -q - 21. Let v = 1 - q. What is the units digit of v?
8
Let h = -31 - -51. What is the units digit of h?
0
Suppose -2*q + 245 + 65 = -5*n, n + 478 = 3*q. What is the tens digit of q?
6
Let t = 407 + -266. What is the tens digit of t?
4
Let y = 48 + -6. What is the tens digit of y?
4
What is the tens digit of 14/21*(-30)/(-8)*30?
7
Suppose 72 = 6*c - 3*c + 3*j, 0 = 5*c + j - 112. Suppose -2*l = -l - c. What is the units digit of l?
2
Suppose 22 = 2*p - 2*u, 2*u = -4*p + 24 + 8. Suppose 1 + 8 = -3*y. Let d = y + p. What is the units digit of d?
6
Let q be ((-5)/(-2))/5*4. Suppose -4*m - 22 = -q*u, 4*u = -u + 5. Let b(r) = -2*r. What is the units digit of b(m)?
0
Suppose 7*p + 116 - 11 = 0. Let m = -32 + 59. Let f = p + m. What is the units digit of f?
2
Let x = -64 - -119. What is the tens digit of x?
5
Suppose 28 = -b - 3*b. Let y = -5 - b. What is the units digit of y?
2
Suppose 5*g = -0 + 15. Suppose -2*k + 67 = 5*q - 3, -g*q - 5*k + 23 = 0. What is the units digit of q?
6
Let s be (-6 - -11)/(0 - -1). Suppose a - 22 = s. What is the units digit of a?
7
Let a = 16 - 6. Let j(c) = -c**3 - 5*c**2 + c - 7. Let z be j(-6). Let i = z - a. What is the tens digit of i?
1
Let t = 93 - 50. What is the tens digit of t?
4
Let s = 55 - 51. What is the units digit of s?
4
Suppose 2*f + 5*d = 82, -4*f - 6*d = -3*d - 136. Suppose -3*j + 6 = -j. Suppose -j*c + f + 26 = 0. What is the units digit of c?
9
Suppose x + 4 = -6. What is the tens digit of (-207)/(-15) + (-2)/x?
1
Suppose 0 = k - 5 + 6. What is the units digit of (-5)/1*(k - 0)?
5
Suppose 0 = -5*s + 2*g + 135, 3*s + 6*g - 107 = 2*g. Suppose 2*d = 77 + s. Suppose d = 2*f + 21. What is the tens digit of f?
1
Let c(v) be the first derivative of -1/4*v**4 - 6*v - 2 - 7/3*v**3 - 4*v**2. What is the units digit of c(-6)?
6
Let y = -101 + 167. What is the units digit of y?
6
Let a = -20 + 35. Suppose -w - a = -4*w. Suppose 4*r - 20 = -2*x, -x - 6 - 26 = -w*r. What is the units digit of r?
6
Suppose 0 = 9*w - 4*w. Suppose 4*c - 6 + 22 = w, 5*v + c - 6 = 0. What is the units digit of v?
2
Let x be (-11)/(-2) + 1/(-2). Suppose 0 = -p + x + 9. What is the units digit of p?
4
Let x(h) = 2*h**2 + 21*h - 21. What is the tens digit of x(7)?
2
Let y be (-1 - -3)*(0 - -2). What is the units digit of (4/(-6))/(y/(-6))?
1
Suppose 0 = -4*d + 244 - 40. Suppose -5*n + d = 11. What is the units digit of n?
8
Let t = -16 - 59. What is the units digit of 2/(-4) + t/(-10)?
7
Let h(x) = 2*x + 2. Let k be h(3). Let u be k + 3/((-6)/4). Let y = u + -2. What is the units digit of y?
4
Let t = -10 + 2. Let a = t - -2. Let x(n) = n**2 + 5*n - 4. What is the units digit of x(a)?
2
Suppose 0 = 3*p + 12, 2*a + 5*p + 8 + 8 = 0. What is the units digit of -1*a - 114/(-6)?
7
Let l(x) = x + 10. Let h = 8 - 8. What is the tens digit of l(h)?
1
Let n(h) = -2*h**3 - 4*h**2 - 2*h + 1. Suppose 5*v + 67 = 4*g, -3*g - 3*v + 30 = -0*v. Suppose j + j - 2 = 2*p, 4*p + g = -5*j. What is the units digit of n(p)?
5
Let r(x) = -2*x**3 - 6*x**2 - 4*x + 1. Let z be r(-4). Suppose 181 = 5*d - 4*u, u - z = -d + 5*u. What is the units digit of d?
3
Let m be (14/(-35))/(2/(-5)). Let i = 19 + m. What is the units digit of i?
0
Let g be 6/(-5)*140/(-6). Let a be 21/g - (-21)/4. Suppose 0 = -5*l - 4*r - 1 + 13, -4*l - 5*r = -a. What is the units digit of l?
4
Let j = 2 + 3. Suppose 0 = 3*o - f - 7, -2*o + f = -0*f - j. What is the units digit of o?
2
Let h = 2 + -7. Let u be h - (0 + (2 - 2)). What is the units digit of 20/6*(-12)/u?
8
Let r = -104 + 115. What is the units digit of r?
1
Suppose 0*v - 84 = -4*v - 4*s, -s - 30 = -2*v. Let g = v + -9. What is the units digit of g?
8
What is the units digit of -1 + 58 - (5 + -1)?
3
Let g(r) = -r + 3. Let t be g(-9). Suppose -2*s - 2*s = 5*v - 19, 2*s + 2*v = t. What is the tens digit of s?
1
Let b be 6*8/3 + 3. Suppose 4*t = b + 77. What is the tens digit of t?
2
Let r(w) = -2*w - 4. Let j be r(-4). Suppose j*p = -a + 6*a - 45, p = 0. What is the units digit of a?
9
Let g = 9 - 8. Suppose -2*w = 3*w. Suppose 3*n - 10 + g = w. What is the units digit of n?
3
Suppose -20 = -5*d + 5. Suppose -h = -d - 4. What is the units digit of h?
9
Let d(w) = -2*w + 2 - 3*w + 2*w. Let i be 64/(-28) + (-2)/(-7). What is the units digit of d(i)?
8
Suppose 0 = -0*r - 4*r + 120. Suppose -h = 4*h - r. Suppose -t - 60 = -h*t. What is the units digit of t?
2
Suppose 0 = -3*y + 5*q + 259, 4*q = 2 + 2. What is the tens digit of y?
8
Suppose 3*j - 39 = 48. What is the units digit of j?
9
Suppose -894 - 1602 = -8*c. What is the units digit of c?
2
Let k(b) = -b**2 + 3*b + 2. Let f be (-2 + 0 + -1)*-1. Let d be k(f). Suppose -2*n + 7 = 3*y, -n + 0*n + d*y = 0. What is the units digit of n?
2
Let c = -6 + 22. What is the tens digit of c?
1
Suppose 9 = 2*m - 3*s, 0 = m - 3*s - s - 7. Suppose -4 + 43 = m*r. What is the units digit of r?
3
Suppose 13*o = 74 + 251. What is the units digit of o?
5
Let f(s) = -6*s**3 - 2*s**2 - s. Let p be f(-1). Suppose -5*j = -5*h - 60, 0 = -p*h + h - 20. What is the units digit of j?
7
Let v(f) = -f**3 - 6*f**2 + 6*f + 9. Suppose 0 = -13*x + 14*x + 7. What is the units digit of v(x)?
6
Let z be 4/(-18) + (-58)/(-18). Suppose 0 = -2*x - z*x + 55. What is the tens digit of x?
1
Let z be (-6)/(-2)*-7 + 0. Let d = -13 - z. What is the units digit of d?
8
Let f(k) = -k**2 + 1. Let h be f(0). Suppose -11 = -x + h. What is the units digit of (-44)/(-6) + (-4)/x?
7
Suppose -i = -0*i - 2. Let g(t) = t**3 - 3*t**2 + t - 2. Let d be g(i). Let r(o) = o**2 + 2*o - 1. What is the units digit of r(d)?
7
Suppose -3*s + 11 = q, 2*q - s - 4 = 4. Suppose 0 = -4*f + 2*l + 118, 2 = -q*l - 13. What is the tens digit of f?
2
Suppose 3*y - 126 = y. What is the units digit of y?
3
Let m be (-99)/(-3) + 2 + 2. What is the tens digit of m + (4 + 2)/3?
3
Let n(q) = 3*q**3 - q + 1. What is the units digit of n(1)?
3
Suppose 0 = i - 3 + 1. What is the units digit of (-27)/(-1) - 3 - i?
2
What is the tens digit of (-662)/(-18) - (-6)/27?
3
Let i(v) be the second derivative of v**3/6 - 5*v**2/2 - v. Let s be i(7). Suppose -s*w + 4*t = -0*t - 6, 5*w + t = 37. What is the units digit of w?
7
Let q(j) = j**2 - 2*j. Let c be q(5). Suppose -13 = -t + c. What is the tens digit of t?
2
Suppose 2*n + 4*d = 2, 4*n - 8*n + d + 4 = 0. What is the tens digit of 26/(n*-2 - -4)?
1
Let t(g) = -g**3 - 6*g**2 - 5*g - 4. Let q be t(-3). Let x = 19 + -28. Let p = x - q. What is the units digit of p?
7
Let d = -24 - -24. Suppose d = -6*w + 126 + 120. What is the tens digit of w?
4
Let q = 18 - 6. Let i = q - 0. What is the tens digit of i?
1
Suppose -2*v + 3*v = 0. Suppose 5*l - 150 - 35 = v. What is the units digit of l?
7
Suppose 0 = -4*o - 4, 3*k = 2*k - 5*o + 3. Suppose 7 = -3*i + 4*m - 2, i + k = 3*m. What is the units digit of (6/(-7))/(i/(-7))?
6
Suppose 76 = 4*z - 2*d + 4*d, 4*d = 4*z - 64. What is the units digit of (z/21)/(5/210)?
6
Let a be 1/(-2*2/(-8)). Let g = 2 + a. Suppose 0*q = -v - 2*q + 11, -4*v + g*q = 16. What is the units digit of v?
1
Let s = 13 + 10. What is the tens digit of s?
2
Suppose 3*d = -4*l - 3, -d = 4*d + 25. Suppose -16 = -5*z + 4*a, -l*z = -4*z - 4*a + 8. What is the tens digit of z/(-12) - 34/(-3)?
1
Suppose -y - 3 = -6. Suppose -y*l + 26 - 2 = 0. What is the units digit of l?
8
Let n be 25/5*27/5. Suppose -78 - n = -5*q. What is the tens digit of q?
2
Let u be (-6)/(-27) - 788/(-18). Suppose 6*n = 2*n + u. Suppose 0 = 3*a - 4*t + 9*t - 37, t + n = 4*a. What is the units digit of a?
4
Let c(y) = y**3 + 4*y**2 - 6*y - 2. Let w be c(-5). Suppose -5*k + 24 + 1 = 0, 0 = j - 5*k + 21. Suppose -w*g + j + 8 = 0. What is the units digit of g?
4
Suppose -4*c + 27 = 3*h, 0*h + 3*h - 4*c = 3. Suppose 4*k = 2*k + 64. Suppose k = 2*u - 4*p, -h*p = -3*u + 23 + 20. What is the units digit of u?
6
Let g = 26 + -92. What is the units digit of g/(-8) + 30/40?
9
Let x = -3 - -5. Suppose -x*a - 3*a - 40 = 0. What is the units digit of (a/(-6))/((-12)/(-54))?
6
Let u = -5 + 7. Suppose -6 = -3*c + u*c. Suppose 5*z - c = 4*z. What is the units digit of z?
6
Suppose -3*n = 62 - 176. What is the units digit of n?
8
Suppose 0*t - 2*t - 4*x = -100, -t + 4*x + 62 = 0. What is the units digit of t?
4
Let q = -6 + 11. Suppose 5